{"id":124,"date":"2021-03-18T10:11:38","date_gmt":"2021-03-18T09:11:38","guid":{"rendered":"https:\/\/flowtrackers.wendyvenema.nl\/?page_id=124"},"modified":"2023-06-22T19:53:09","modified_gmt":"2023-06-22T17:53:09","slug":"foutieve-huisaansluiting","status":"publish","type":"page","link":"https:\/\/www.flowtrackers.nl\/?page_id=124","title":{"rendered":"Foutieve huisaansluiting"},"content":{"rendered":"\t\t<div data-elementor-type=\"wp-page\" data-elementor-id=\"124\" class=\"elementor elementor-124\">\n\t\t\t\t\t\t<section class=\"elementor-section elementor-top-section elementor-element elementor-element-ef11329 elementor-section-stretched elementor-section-boxed elementor-section-height-default elementor-section-height-default\" data-id=\"ef11329\" data-element_type=\"section\" data-e-type=\"section\" data-settings=\"{&quot;stretch_section&quot;:&quot;section-stretched&quot;,&quot;background_background&quot;:&quot;classic&quot;}\">\n\t\t\t\t\t\t<div class=\"elementor-container elementor-column-gap-default\">\n\t\t\t\t\t<div class=\"elementor-column elementor-col-100 elementor-top-column elementor-element elementor-element-44d3ffa\" data-id=\"44d3ffa\" data-element_type=\"column\" data-e-type=\"column\">\n\t\t\t<div class=\"elementor-widget-wrap elementor-element-populated\">\n\t\t\t\t\t\t<div class=\"elementor-element elementor-element-d66bcff elementor-widget elementor-widget-heading\" data-id=\"d66bcff\" data-element_type=\"widget\" data-e-type=\"widget\" data-widget_type=\"heading.default\">\n\t\t\t\t<div class=\"elementor-widget-container\">\n\t\t\t\t\t<h2 class=\"elementor-heading-title elementor-size-default\">Volg de weg<br>van het <span class=\"blue\">water<\/span><\/h2>\t\t\t\t<\/div>\n\t\t\t\t<\/div>\n\t\t\t\t\t<\/div>\n\t\t<\/div>\n\t\t\t\t\t<\/div>\n\t\t<\/section>\n\t\t\t\t<section class=\"elementor-section elementor-top-section elementor-element elementor-element-0eb721d elementor-section-stretched elementor-section-boxed elementor-section-height-default elementor-section-height-default\" data-id=\"0eb721d\" data-element_type=\"section\" data-e-type=\"section\" data-settings=\"{&quot;stretch_section&quot;:&quot;section-stretched&quot;}\">\n\t\t\t\t\t\t<div class=\"elementor-container elementor-column-gap-default\">\n\t\t\t\t\t<div class=\"elementor-column elementor-col-100 elementor-top-column elementor-element elementor-element-d7834da\" data-id=\"d7834da\" data-element_type=\"column\" data-e-type=\"column\">\n\t\t\t<div class=\"elementor-widget-wrap elementor-element-populated\">\n\t\t\t\t\t\t<div class=\"elementor-element elementor-element-54dbb76 elementor-widget elementor-widget-text-editor\" data-id=\"54dbb76\" data-element_type=\"widget\" data-e-type=\"widget\" data-widget_type=\"text-editor.default\">\n\t\t\t\t<div class=\"elementor-widget-container\">\n\t\t\t\t\t\t\t\t\t<p style=\"text-align: left;\"><b>Foutieve huisaansluiting<\/b><\/p>\t\t\t\t\t\t\t\t<\/div>\n\t\t\t\t<\/div>\n\t\t\t\t<div class=\"elementor-element elementor-element-691c20e elementor-widget elementor-widget-text-editor\" data-id=\"691c20e\" data-element_type=\"widget\" data-e-type=\"widget\" data-widget_type=\"text-editor.default\">\n\t\t\t\t<div class=\"elementor-widget-container\">\n\t\t\t\t\t\t\t\t\t<p><strong>Door de Flowtracker via de aangesloten toestellen te lozen en in de diverse inspectieputten van het stelsel een Flowtrackers\u00ae detectie apparaat te plaatsen, kan op effici\u00ebnte wijze gecontroleerd worden of de in het object aanwezige toestellen, wel op het juiste stelstel zijn aangesloten.<\/strong><\/p><p>\u201cVervuiling\u201d van de afvalwaterstromen met schoonwater is op deze manier eenvoudig vast te stellen en op te lossen. Deze methode is sluitend, snel, duidelijk, duurzaam en geeft een minimale belasting voor de burgers tijdens de onderzoeken.<\/p><p>Maatschappelijke overlast tot het minimum beperkt!<\/p><p><img decoding=\"async\" class=\"alignleft\" src=\"https:\/\/flowtrackers.nl\/images\/AVG-Proof.png\" width=\"200\" height=\"196\" align=\"left\" hspace=\"0\" \/>Geen laste planningen &amp; discussies met bewoners: slechts \u00e9\u00e9n bezoekje aan het toilet door \u00e9\u00e9n van onze medewerkers en de meting is klaar. In nog geen 2 minuten is onze inspecteur weer vertrokken.<\/p><p>Verder registreert Flowtrackers\u00ae niets over de bewoners, adres of gebruik. De Flowtrackers\u00ae is gecodeerd en derhalve volledig anoniem met alleen de informatie die nodig is om foutieve aansluitingen aan te tonen. Pas tijdens het decoderen op ons kantoor kunnen wij de gevraagde informatie gebruiken voor de analyse. Geen enkele priv\u00e9 gevoelige informatie kan door ons worden geregistreerd. Met het oog op de huidige Europese privacy wetgeving (AVG) een absolute must.<\/p>\t\t\t\t\t\t\t\t<\/div>\n\t\t\t\t<\/div>\n\t\t\t\t<div class=\"elementor-element elementor-element-e26941d elementor-widget elementor-widget-video\" data-id=\"e26941d\" data-element_type=\"widget\" data-e-type=\"widget\" data-settings=\"{&quot;youtube_url&quot;:&quot;https:\\\/\\\/youtu.be\\\/XifmLsI7zS0&quot;,&quot;video_type&quot;:&quot;youtube&quot;,&quot;controls&quot;:&quot;yes&quot;}\" data-widget_type=\"video.default\">\n\t\t\t\t<div class=\"elementor-widget-container\">\n\t\t\t\t\t\t\t<div class=\"elementor-wrapper elementor-open-inline\">\n\t\t\t<div class=\"elementor-video\"><\/div>\t\t<\/div>\n\t\t\t\t\t\t<\/div>\n\t\t\t\t<\/div>\n\t\t\t\t\t<\/div>\n\t\t<\/div>\n\t\t\t\t\t<\/div>\n\t\t<\/section>\n\t\t\t\t<section class=\"elementor-section elementor-top-section elementor-element elementor-element-66840d3b elementor-section-stretched elementor-section-boxed elementor-section-height-default elementor-section-height-default\" data-id=\"66840d3b\" data-element_type=\"section\" data-e-type=\"section\" data-settings=\"{&quot;stretch_section&quot;:&quot;section-stretched&quot;,&quot;background_background&quot;:&quot;classic&quot;}\">\n\t\t\t\t\t\t<div class=\"elementor-container elementor-column-gap-default\">\n\t\t\t\t\t<div class=\"elementor-column elementor-col-100 elementor-top-column elementor-element elementor-element-2c07e8f1\" data-id=\"2c07e8f1\" data-element_type=\"column\" data-e-type=\"column\">\n\t\t\t<div class=\"elementor-widget-wrap elementor-element-populated\">\n\t\t\t\t\t\t<div class=\"elementor-element elementor-element-4298a2bb elementor-widget elementor-widget-text-editor\" data-id=\"4298a2bb\" data-element_type=\"widget\" data-e-type=\"widget\" data-widget_type=\"text-editor.default\">\n\t\t\t\t<div class=\"elementor-widget-container\">\n\t\t\t\t\t\t\t\t\t<p style=\"text-align: center;\"><b>Onze klanten<\/b><\/p>\t\t\t\t\t\t\t\t<\/div>\n\t\t\t\t<\/div>\n\t\t\t\t<div class=\"elementor-element elementor-element-21ce4d3 elementor-widget elementor-widget-shortcode\" data-id=\"21ce4d3\" data-element_type=\"widget\" data-e-type=\"widget\" data-widget_type=\"shortcode.default\">\n\t\t\t\t<div class=\"elementor-widget-container\">\n\t\t\t\t\t\t\t<div class=\"elementor-shortcode\"><style id=\"sp_lcp_dynamic_css640\">div#logo-carousel-free-640.logo-carousel-free .sp-lc-logo{border: 0px solid #dddddd;border-radius: 0px;overflow: hidden;}div#logo-carousel-free-640.logo-carousel-free .sp-lc-logo:hover{border-color: #16a08b;}@media only screen and (max-width: 576px) {#logo-carousel-free-640.sp-lc-container .sp-lc-button-prev,#logo-carousel-free-640.sp-lc-container .sp-lc-button-next {display: none;}#logo-carousel-free-640.sp-lc-container .sp-lc-pagination .swiper-pagination-bullet {display: none;}} .logo-carousel-free-area#logo-carousel-free-640{position: relative;}#lcp-preloader-640{position: absolute;left: 0;top: 0;height: 100%;width: 100%;text-align: center;display: flex;align-items: center;justify-content: center;background: #fff;z-index: 9999;} .logo-carousel-free-area#logo-carousel-free-640 .sp-logo-carousel-section-title{margin-bottom: 30px;}#logo-carousel-free-640 .sp-lc-grid-container { justify-content: left; align-items: center; } #logo-carousel-free-640 .swiper-wrapper .swiper-slide { align-self: center; }#logo-carousel-free-640 .sp-lc-grid-container {margin-left: -6px;margin-right: -6px;width: calc( 100% + 12px);}#logo-carousel-free-640 .sp-lc-grid-container [class*=\"lc-col\"] {padding-left: 6px;padding-right: 6px;padding-bottom: 12px;}@media screen and (min-width: 1200px ){.logo-carousel-free-area#logo-carousel-free-640 .sp-logo-carousel:not([class*=\"-initialized\"]) > .swiper-wrapper {display: flex;width: calc( 100% + 12px );}.logo-carousel-free-area#logo-carousel-free-640 .sp-logo-carousel:not([class*=\"-initialized\"]) > .swiper-wrapper > .swiper-slide {width: 14.285714285714%;padding-right: 12px;}}<\/style>\n<div id='logo-carousel-free-640' class=\"logo-carousel-free logo-carousel-free-area sp-lc-container\">\n\t\t\t<div id=\"lcp-preloader-640\" class=\"sp-logo-carousel-preloader\"><img decoding=\"async\" src=\"https:\/\/www.flowtrackers.nl\/wp-content\/plugins\/logo-carousel-free\/admin\/assets\/images\/spinner.svg\" class=\"skip-lazy\" alt=\"Loader Image\"\/><\/div>\n\t\t\t<div id=\"sp-logo-carousel-id-640\" class=\"swiper-container sp-logo-carousel  lcp-preloader\" dir=\"ltr\" data-carousel='{ \"speed\":450,\"spaceBetween\": 12, \"autoplay\": true, \"infinite\":true, \"autoplay_speed\": 3000, \"stop_onHover\": true, \"pagination\": false, \"navigation\": false, \"MobileNav\": false, \"MobilePagi\": false, \"simulateTouch\": true,\"freeMode\": false,\"swipeToSlide\": false, \"carousel_accessibility\": true,\"adaptiveHeight\": false,\"allowTouchMove\": true, \"slidesPerView\": { \"lg_desktop\": 7, \"desktop\": 7, \"tablet\": 4, \"mobile\": 2, \"mobile_landscape\": 3 } }' data-carousel-starts-onscreen=\"false\">\n\t\t<div class=\"swiper-wrapper\">\n\t\t\t\t<div class=\"swiper-slide\"><div class=\"sp-lc-logo\"><img fetchpriority=\"high\" decoding=\"async\" src=\"https:\/\/www.flowtrackers.nl\/wp-content\/uploads\/2021\/04\/alphenaandenrijn.jpg\" title=\"\" alt=\"Alphen aan den Rijn\" width=\"240\" height=\"240\" class=\"sp-lc-image\"><\/div><\/div>\n\t\t<div class=\"swiper-slide\"><div class=\"sp-lc-logo\"><img decoding=\"async\" src=\"https:\/\/www.flowtrackers.nl\/wp-content\/uploads\/2021\/04\/bunnik.jpg\" title=\"\" alt=\"Bunnik\" width=\"240\" height=\"240\" class=\"sp-lc-image\"><\/div><\/div>\n\t\t<div class=\"swiper-slide\"><div class=\"sp-lc-logo\"><img loading=\"lazy\" decoding=\"async\" src=\"https:\/\/www.flowtrackers.nl\/wp-content\/uploads\/2021\/04\/debilt.jpg\" title=\"\" alt=\"De bilt\" width=\"240\" height=\"240\" class=\"sp-lc-image\"><\/div><\/div>\n\t\t<div class=\"swiper-slide\"><div class=\"sp-lc-logo\"><img loading=\"lazy\" decoding=\"async\" src=\"https:\/\/www.flowtrackers.nl\/wp-content\/uploads\/2021\/04\/drutenwijchen.jpg\" title=\"\" alt=\"Druten Wijchen\" width=\"240\" height=\"240\" class=\"sp-lc-image\"><\/div><\/div>\n\t\t<div class=\"swiper-slide\"><div class=\"sp-lc-logo\"><img loading=\"lazy\" decoding=\"async\" src=\"https:\/\/www.flowtrackers.nl\/wp-content\/uploads\/2021\/04\/duiven.jpg\" title=\"\" alt=\"Duiven\" width=\"240\" height=\"240\" class=\"sp-lc-image\"><\/div><\/div>\n\t\t<div class=\"swiper-slide\"><div class=\"sp-lc-logo\"><img loading=\"lazy\" decoding=\"async\" src=\"https:\/\/www.flowtrackers.nl\/wp-content\/uploads\/2021\/04\/landgraaf.jpg\" title=\"\" alt=\"Landgraaf\" width=\"240\" height=\"240\" class=\"sp-lc-image\"><\/div><\/div>\n\t\t<div class=\"swiper-slide\"><div class=\"sp-lc-logo\"><img loading=\"lazy\" decoding=\"async\" src=\"https:\/\/www.flowtrackers.nl\/wp-content\/uploads\/2021\/04\/lopik.jpg\" title=\"\" alt=\"Lopik\" width=\"240\" height=\"240\" class=\"sp-lc-image\"><\/div><\/div>\n\t\t<div class=\"swiper-slide\"><div class=\"sp-lc-logo\"><img loading=\"lazy\" decoding=\"async\" src=\"https:\/\/www.flowtrackers.nl\/wp-content\/uploads\/2021\/04\/maasdriel.jpg\" title=\"\" alt=\"Maasdriel\" width=\"240\" height=\"240\" class=\"sp-lc-image\"><\/div><\/div>\n\t\t<div class=\"swiper-slide\"><div class=\"sp-lc-logo\"><img loading=\"lazy\" decoding=\"async\" src=\"https:\/\/www.flowtrackers.nl\/wp-content\/uploads\/2021\/04\/mijngemeentedichtbij.jpg\" title=\"\" alt=\"Mijn gemeente dichtbij\" width=\"240\" height=\"240\" class=\"sp-lc-image\"><\/div><\/div>\n\t\t<div class=\"swiper-slide\"><div class=\"sp-lc-logo\"><img loading=\"lazy\" decoding=\"async\" src=\"https:\/\/www.flowtrackers.nl\/wp-content\/uploads\/2021\/04\/nijkerk.jpg\" title=\"\" alt=\"Nijkerk\" width=\"240\" height=\"240\" class=\"sp-lc-image\"><\/div><\/div>\n\t\t<div class=\"swiper-slide\"><div class=\"sp-lc-logo\"><img loading=\"lazy\" decoding=\"async\" src=\"https:\/\/www.flowtrackers.nl\/wp-content\/uploads\/2021\/04\/overbetuwe.jpg\" title=\"\" alt=\"Overbetuwe\" width=\"240\" height=\"240\" class=\"sp-lc-image\"><\/div><\/div>\n\t\t<div class=\"swiper-slide\"><div class=\"sp-lc-logo\"><img loading=\"lazy\" decoding=\"async\" src=\"https:\/\/www.flowtrackers.nl\/wp-content\/uploads\/2021\/04\/renkum.jpg\" title=\"\" alt=\"Renkum\" width=\"240\" height=\"240\" class=\"sp-lc-image\"><\/div><\/div>\n\t\t<div class=\"swiper-slide\"><div class=\"sp-lc-logo\"><img loading=\"lazy\" decoding=\"async\" src=\"https:\/\/www.flowtrackers.nl\/wp-content\/uploads\/2021\/04\/roermond.jpg\" title=\"\" alt=\"Roermond\" width=\"240\" height=\"240\" class=\"sp-lc-image\"><\/div><\/div>\n\t\t<div class=\"swiper-slide\"><div class=\"sp-lc-logo\"><img loading=\"lazy\" decoding=\"async\" src=\"https:\/\/www.flowtrackers.nl\/wp-content\/uploads\/2021\/04\/soest.jpg\" title=\"\" alt=\"Soest\" width=\"240\" height=\"240\" class=\"sp-lc-image\"><\/div><\/div>\n\t\t<div class=\"swiper-slide\"><div class=\"sp-lc-logo\"><img loading=\"lazy\" decoding=\"async\" src=\"https:\/\/www.flowtrackers.nl\/wp-content\/uploads\/2021\/04\/utrechtseheuvelrug.jpg\" title=\"\" alt=\"Utrechtse Heuvelrug\" width=\"240\" height=\"240\" class=\"sp-lc-image\"><\/div><\/div>\n\t\t<div class=\"swiper-slide\"><div class=\"sp-lc-logo\"><img loading=\"lazy\" decoding=\"async\" src=\"https:\/\/www.flowtrackers.nl\/wp-content\/uploads\/2021\/04\/voorschoten.jpg\" title=\"\" alt=\"Voorschoten\" width=\"240\" height=\"240\" class=\"sp-lc-image\"><\/div><\/div>\n\t\t<div class=\"swiper-slide\"><div class=\"sp-lc-logo\"><img loading=\"lazy\" decoding=\"async\" src=\"https:\/\/www.flowtrackers.nl\/wp-content\/uploads\/2021\/04\/westbetuwe.jpg\" title=\"\" alt=\"West Betuwe\" width=\"240\" height=\"240\" class=\"sp-lc-image\"><\/div><\/div>\n\t\t<div class=\"swiper-slide\"><div class=\"sp-lc-logo\"><img loading=\"lazy\" decoding=\"async\" src=\"https:\/\/www.flowtrackers.nl\/wp-content\/uploads\/2021\/04\/westervoort.jpg\" title=\"\" alt=\"Westervoort\" width=\"240\" height=\"240\" class=\"sp-lc-image\"><\/div><\/div>\n\t\t<div class=\"swiper-slide\"><div class=\"sp-lc-logo\"><img loading=\"lazy\" decoding=\"async\" src=\"https:\/\/www.flowtrackers.nl\/wp-content\/uploads\/2021\/04\/westmaasenwaal.jpg\" title=\"\" alt=\"West Maas en Waal\" width=\"240\" height=\"240\" class=\"sp-lc-image\"><\/div><\/div>\n\t\t<div class=\"swiper-slide\"><div class=\"sp-lc-logo\"><img loading=\"lazy\" decoding=\"async\" src=\"https:\/\/www.flowtrackers.nl\/wp-content\/uploads\/2021\/04\/zaltbommel.jpg\" title=\"\" alt=\"Zaltbommel\" width=\"240\" height=\"240\" class=\"sp-lc-image\"><\/div><\/div>\n\t\t<div class=\"swiper-slide\"><div class=\"sp-lc-logo\"><img loading=\"lazy\" decoding=\"async\" src=\"https:\/\/www.flowtrackers.nl\/wp-content\/uploads\/2021\/04\/zoetermeer.jpg\" title=\"\" alt=\"Zoetermeer\" width=\"240\" height=\"240\" class=\"sp-lc-image\"><\/div><\/div>\n\t\t<div class=\"swiper-slide\"><div class=\"sp-lc-logo\"><img loading=\"lazy\" decoding=\"async\" src=\"https:\/\/www.flowtrackers.nl\/wp-content\/uploads\/2021\/04\/zundert.jpg\" title=\"\" alt=\"Zundert\" width=\"240\" height=\"240\" class=\"sp-lc-image\"><\/div><\/div>\n\t\t<div class=\"swiper-slide\"><div class=\"sp-lc-logo\"><img loading=\"lazy\" decoding=\"async\" src=\"https:\/\/www.flowtrackers.nl\/wp-content\/uploads\/2021\/04\/zutphen.jpg\" title=\"\" alt=\"Zutphen\" width=\"240\" height=\"240\" class=\"sp-lc-image\"><\/div><\/div>\n\t\t\t<\/div>\n\n\t\t\t<\/div>\n<\/div>\n<\/div>\n\t\t\t\t\t\t<\/div>\n\t\t\t\t<\/div>\n\t\t\t\t\t<\/div>\n\t\t<\/div>\n\t\t\t\t\t<\/div>\n\t\t<\/section>\n\t\t\t\t<\/div>\n\t\t","protected":false},"excerpt":{"rendered":"<p>Volg de wegvan het water Foutieve huisaansluiting Door de Flowtracker via de aangesloten toestellen te lozen en in de diverse inspectieputten van het stelsel een Flowtrackers\u00ae detectie apparaat te plaatsen, [&hellip;]<\/p>\n","protected":false},"author":1,"featured_media":0,"parent":0,"menu_order":0,"comment_status":"closed","ping_status":"closed","template":"elementor_header_footer","meta":{"_monsterinsights_skip_tracking":false,"_monsterinsights_sitenote_active":false,"_monsterinsights_sitenote_note":"","_monsterinsights_sitenote_category":0,"footnotes":""},"class_list":["post-124","page","type-page","status-publish","hentry"],"_links":{"self":[{"href":"https:\/\/www.flowtrackers.nl\/index.php?rest_route=\/wp\/v2\/pages\/124","targetHints":{"allow":["GET"]}}],"collection":[{"href":"https:\/\/www.flowtrackers.nl\/index.php?rest_route=\/wp\/v2\/pages"}],"about":[{"href":"https:\/\/www.flowtrackers.nl\/index.php?rest_route=\/wp\/v2\/types\/page"}],"author":[{"embeddable":true,"href":"https:\/\/www.flowtrackers.nl\/index.php?rest_route=\/wp\/v2\/users\/1"}],"replies":[{"embeddable":true,"href":"https:\/\/www.flowtrackers.nl\/index.php?rest_route=%2Fwp%2Fv2%2Fcomments&post=124"}],"version-history":[{"count":5,"href":"https:\/\/www.flowtrackers.nl\/index.php?rest_route=\/wp\/v2\/pages\/124\/revisions"}],"predecessor-version":[{"id":971,"href":"https:\/\/www.flowtrackers.nl\/index.php?rest_route=\/wp\/v2\/pages\/124\/revisions\/971"}],"wp:attachment":[{"href":"https:\/\/www.flowtrackers.nl\/index.php?rest_route=%2Fwp%2Fv2%2Fmedia&parent=124"}],"curies":[{"name":"wp","href":"https:\/\/api.w.org\/{rel}","templated":true}]}}